{"id":1384,"date":"2013-02-02T22:02:00","date_gmt":"2013-02-02T22:02:00","guid":{"rendered":"https:\/\/artesmiami.org\/?post_type=audios&#038;p=1384"},"modified":"2025-10-22T19:29:39","modified_gmt":"2025-10-22T19:29:39","slug":"herencia-hispana-6","status":"publish","type":"audios","link":"https:\/\/artesmiami.org\/es\/audios\/herencia-hispana-6\/","title":{"rendered":"Herencia Hispana"},"content":{"rendered":"\n<p>Aida Levitan y Juli\u00e1n Linares entrevistan al experto en Internet, Juan Jos\u00e9 N\u00fa\u00f1ez, espa\u00f1ol quien adem\u00e1s dirige el Partido Popular de Espa\u00f1a en Miami.\u00a0 Es Fundador y CEO de Vertical3 Media.<\/p>\n","protected":false},"featured_media":0,"parent":0,"template":"","meta":{"_acf_changed":true,"h5ap_radio_sources":[]},"class_list":["post-1384","audios","type-audios","status-publish","hentry"],"acf":[],"_links":{"self":[{"href":"https:\/\/artesmiami.org\/es\/wp-json\/wp\/v2\/audios\/1384","targetHints":{"allow":["GET"]}}],"collection":[{"href":"https:\/\/artesmiami.org\/es\/wp-json\/wp\/v2\/audios"}],"about":[{"href":"https:\/\/artesmiami.org\/es\/wp-json\/wp\/v2\/types\/audios"}],"wp:attachment":[{"href":"https:\/\/artesmiami.org\/es\/wp-json\/wp\/v2\/media?parent=1384"}],"curies":[{"name":"wp","href":"https:\/\/api.w.org\/{rel}","templated":true}]}}

<p>Aida Levitan y Julián Linares entrevistan al experto en Internet, Juan José Núñez, español quien además dirige el Partido Popular de España en Miami.  Es Fundador y CEO de Vertical3 Media.</p>
